{"id":1621,"date":"2019-04-29T14:47:17","date_gmt":"2019-04-29T12:47:17","guid":{"rendered":"http:\/\/las-akustika.lt\/?page_id=1621"},"modified":"2019-05-06T10:57:14","modified_gmt":"2019-05-06T08:57:14","slug":"inad-2019","status":"publish","type":"page","link":"https:\/\/las-akustika.lt\/index.php\/inad-2019\/","title":{"rendered":"INAD 2019"},"content":{"rendered":"\n<figure class=\"wp-block-image\"><img loading=\"lazy\" decoding=\"async\" width=\"780\" height=\"827\" src=\"https:\/\/las-akustika.lt\/wp-content\/uploads\/2019\/04\/logo_INAD2017-black.png\" alt=\"\" class=\"wp-image-1630\" srcset=\"https:\/\/las-akustika.lt\/wp-content\/uploads\/2019\/04\/logo_INAD2017-black.png 780w, https:\/\/las-akustika.lt\/wp-content\/uploads\/2019\/04\/logo_INAD2017-black-283x300.png 283w, https:\/\/las-akustika.lt\/wp-content\/uploads\/2019\/04\/logo_INAD2017-black-768x814.png 768w\" sizes=\"auto, (max-width: 780px) 100vw, 780px\" \/><figcaption><em>Tarptautin\u0117 triuk\u0161mo supratimo diena<\/em><\/figcaption><\/figure>\n\n\n\n<h1 class=\"wp-block-heading\">Tarptautin\u0117 triuk\u0161mo supratimo diena 2019 <\/h1>\n\n\n\n<p>Daugiau nei penkiasde\u0161imtyje \u0161ali\u0173 visame pasaulyje kasmet minima <strong>Tarptautin\u0117 triuk\u0161mo supratimo diena<\/strong> (<em>International Noise Awareness Day<\/em> <em>\u2013 INAD)<\/em>. Min\u0117jimo dienos tikslas yra didinti gyventoj\u0173 informuotum\u0105 apie neigiam\u0105 ilgai trunkan\u010dio triuk\u0161mo poveik\u012f sveikatai ir gerovei. Triuk\u0161mo supratimo dienos renginius 1996 metais inicijavo Jungtin\u0117se Amerikos Valstijose \u012fkurtas Klausos komunikacijos centras. <\/p>\n\n\n\n<p>Tarptautin\u0117 triuk\u0161mo supratimo diena \u012fprastai minima paskutin\u012f baland\u017eio m\u0117nesio tre\u010diadien\u012f. \u0160i\u0173 met\u0173 min\u0117jimo renginiai vyko baland\u017eio 24\u2011\u0105j\u0105.<\/p>\n\n\n\n<p style=\"text-align:center\"><strong>_______________________<\/strong><\/p>\n\n\n\n<p><\/p>\n\n\n\n<figure class=\"wp-block-embed-youtube wp-block-embed is-type-video is-provider-youtube wp-embed-aspect-16-9 wp-has-aspect-ratio\"><div class=\"wp-block-embed__wrapper\">\n<iframe loading=\"lazy\" width=\"1130\" height=\"636\" src=\"https:\/\/www.youtube.com\/embed\/-TWHL3nHQ7s?feature=oembed\" frameborder=\"0\" allow=\"accelerometer; autoplay; encrypted-media; gyroscope; picture-in-picture\" allowfullscreen><\/iframe>\n<\/div><figcaption><em>Europos garsai<\/em><br>_______________________<br><\/figcaption><\/figure>\n\n\n\n<h1 class=\"wp-block-heading\"><strong>Seminaras \u201eSveikame pastate \u2013 sveikas \u017emogus\u201c<\/strong><br><\/h1>\n\n\n\n<p><\/p>\n\n\n\n<figure class=\"wp-block-image\"><img loading=\"lazy\" decoding=\"async\" width=\"728\" height=\"425\" src=\"https:\/\/las-akustika.lt\/wp-content\/uploads\/2019\/04\/seminaras_sveikas_pastatas_1.jpg\" alt=\"\" class=\"wp-image-1632\" srcset=\"https:\/\/las-akustika.lt\/wp-content\/uploads\/2019\/04\/seminaras_sveikas_pastatas_1.jpg 728w, https:\/\/las-akustika.lt\/wp-content\/uploads\/2019\/04\/seminaras_sveikas_pastatas_1-300x175.jpg 300w\" sizes=\"auto, (max-width: 728px) 100vw, 728px\" \/><\/figure>\n\n\n\n<p>\u017durnalo SA.lt (statyba ir architekt\u016bra) kartu su partneriu Lietuvos \u017eali\u0173j\u0173 pastat\u0173 taryba <strong>2019 m. baland\u017eio 18 d.<\/strong>  organizuotame seminare <strong>\u201eSveikame pastate \u2013 sveikas \u017emogus\u201c<\/strong> buvo aptariami komfort\u0105 tvariuose pastatuose u\u017etikrinantys pastat\u0173 sertifikavimo ir technologij\u0173 aspektai. <\/p>\n\n\n\n<p>Seminare prane\u0161imus skait\u0117 VGTU Termoizoliacini\u0173 med\u017eiag\u0173 ir akustikos laboratorijos mokslininkas dr. Aleksandras Jagniatinskis ir Gel\u017ebetonini\u0173 konstrukcij\u0173 ir geotechnikos katedros doc. dr. Marius Mickaitis, \u201eBiownlight\u201c atstov\u0117 Egl\u0117 Mik\u0161tavi\u010dien\u0117, \u201eIMI Hydronic Engineering\u201c direktorius Antanas Valan\u010dius, UAB \u201ePastat\u0173 sertifikatai\u201c direktor\u0117 Rasita Masalskyt\u0117. <\/p>\n\n\n\n<p>VGTU mokslininkai ir Lietuvos\nakustik\u0173 s\u0105jungos nariai dr. Aleksandras Jagniatinskis ir doc. dr. Marius\nMickaitis seminaro dalyviams pristat\u0117 tem\u0105 <strong><em>\u201eAkustinis komfortas\nvisuomeniniuose pastatuose\u201c<\/em><\/strong>. Prane\u0161\u0117jai pabr\u0117\u017e\u0117, kad akustinis\nkomfortas priskiriamas prie esmini\u0173 reikalavim\u0173 ir yra laikomas vienu\nsvarbiausi\u0173 \u0161iuolaikinio ir tvaraus pastato atribut\u0173. Buvo atkreiptas d\u0117mesys,\nkad \u0161iuo metu dar n\u0117ra galimyb\u0117s vienu rodikliu apib\u016bdinti akustin\u012f komfort\u0105.\nPrane\u0161imas buvo apibendrintas i\u0161vada, kad Lietuvoje galiojanti pastat\u0173 apsaugos\nnuo triuk\u0161mo klasifikavimo sistema tinka reglamentuoti sveikatai priimtino\ntriuk\u0161mo lygius bei aid\u0117jimo trukm\u0119 tvariuose pastatuose.<\/p>\n","protected":false},"excerpt":{"rendered":"<p>Tarptautin\u0117 triuk\u0161mo supratimo diena 2019 Daugiau nei penkiasde\u0161imtyje \u0161ali\u0173 visame pasaulyje kasmet minima Tarptautin\u0117 triuk\u0161mo supratimo diena (International Noise Awareness Day \u2013 INAD). Min\u0117jimo dienos tikslas yra didinti gyventoj\u0173 informuotum\u0105 apie neigiam\u0105 ilgai trunkan\u010dio triuk\u0161mo poveik\u012f sveikatai ir gerovei. Triuk\u0161mo&#8230;<br \/><a class=\"read-more-button\" href=\"https:\/\/las-akustika.lt\/index.php\/inad-2019\/\">Skaityti  daugiau<\/a><\/p>\n","protected":false},"author":1,"featured_media":0,"parent":0,"menu_order":0,"comment_status":"closed","ping_status":"closed","template":"","meta":{"footnotes":""},"class_list":["post-1621","page","type-page","status-publish","hentry"],"_links":{"self":[{"href":"https:\/\/las-akustika.lt\/index.php\/wp-json\/wp\/v2\/pages\/1621","targetHints":{"allow":["GET"]}}],"collection":[{"href":"https:\/\/las-akustika.lt\/index.php\/wp-json\/wp\/v2\/pages"}],"about":[{"href":"https:\/\/las-akustika.lt\/index.php\/wp-json\/wp\/v2\/types\/page"}],"author":[{"embeddable":true,"href":"https:\/\/las-akustika.lt\/index.php\/wp-json\/wp\/v2\/users\/1"}],"replies":[{"embeddable":true,"href":"https:\/\/las-akustika.lt\/index.php\/wp-json\/wp\/v2\/comments?post=1621"}],"version-history":[{"count":29,"href":"https:\/\/las-akustika.lt\/index.php\/wp-json\/wp\/v2\/pages\/1621\/revisions"}],"predecessor-version":[{"id":1704,"href":"https:\/\/las-akustika.lt\/index.php\/wp-json\/wp\/v2\/pages\/1621\/revisions\/1704"}],"wp:attachment":[{"href":"https:\/\/las-akustika.lt\/index.php\/wp-json\/wp\/v2\/media?parent=1621"}],"curies":[{"name":"wp","href":"https:\/\/api.w.org\/{rel}","templated":true}]}}